+ 101?
-100011001011110000
In base 2, what is -1011100 + -111111101011?
-1000001000111
In base 13, what is -7767 - 2?
-7769
In base 14, what is -368 - 28?
-392
In base 15, what is -5 + -292bc0?
-292bc5
In base 9, what is 12 + 283700?
283712
In base 15, what is 5bdc + 18?
5c05
In base 16, what is -2 + 335a?
3358
In base 8, what is 313 + 2732?
3245
In base 8, what is -135 - -374?
237
In base 15, what is 0 + -3a7b3?
-3a7b3
In base 5, what is 11 + 1410042?
1410103
In base 4, what is -2 - 1011002132?
-1011002200
In base 11, what is -13 - -4842?
482a
In base 3, what is 12020021021 + -1?
12020021020
In base 3, what is -1002020120022 + -10?
-1002020120102
In base 3, what is -1100120002001 + -12?
-1100120002020
In base 10, what is -724 + 17?
-707
In base 3, what is -212210 - -11102?
-201101
In base 6, what is -2434 - 11?
-2445
In base 15, what is -ed + -1e8c?
-208a
In base 2, what is 100000 + 110000001011000?
110000001111000
In base 6, what is 114450 + 31?
114521
In base 2, what is -10100 - 10111001100100111?
-10111001100111011
In base 9, what is -558 + 107?
-451
In base 15, what is -329 - -2?
-327
In base 9, what is -2065 + 44?
-2021
In base 2, what is 10 + 101001000?
101001010
In base 11, what is -40925 + 6?
-4091a
In base 10, what is 2 - -3156?
3158
In base 6, what is -5421445 - 3?
-5421452
In base 10, what is -6977 + -2?
-6979
In base 8, what is 12 - 13022?
-13010
In base 7, what is -13165554 + 1?
-13165553
In base 14, what is a4 + -219?
-155
In base 7, what is -154 + -5533?
-6020
In base 15, what is -1 - 9478?
-9479
In base 2, what is 1010100001 - 10101?
1010001100
In base 7, what is -15 - -1645?
1630
In base 3, what is 1202012200 - 2?
1202012121
In base 11, what is -836 - 38?
-873
In base 15, what is 34e - b5?
289
In base 4, what is 3321220 - 3101?
3312113
In base 2, what is -101111110001000 + 1000?
-101111110000000
In base 8, what is -1272067 + 30?
-1272037
In base 3, what is 11 - 1020201221?
-1020201210
In base 15, what is 1 + -3ddc2?
-3ddc1
In base 11, what is 8 + 2872?
287a
In base 14, what is -149c + 0?
-149c
In base 6, what is 1 - 1240143?
-1240142
In base 10, what is -6 + -22000?
-22006
In base 9, what is -155637 + 11?
-155626
In base 10, what is -91776 - -3?
-91773
In base 14, what is -645 + -6?
-64b
In base 6, what is 5 - 12321425?
-12321420
In base 10, what is 36389 - 4?
36385
In base 8, what is -372 + -206?
-600
In base 11, what is 4a17 - -117?
5033
In base 10, what is 0 - 1381?
-1381
In base 4, what is 10213212031 + -2?
10213212023
In base 5, what is 244022 - 2?
244020
In base 6, what is 13 + 4341400?
4341413
In base 12, what is 1b + -40409?
-403aa
In base 13, what is 7 - 42274?
-4226a
In base 14, what is 4 + -8658?
-8654
In base 13, what is 17 + -452?
-438
In base 10, what is 2130 + 460?
2590
In base 9, what is -6118 - -81?
-6027
In base 16, what is -351 + 168?
-1e9
In base 14, what is -3 - 2372b?
-23730
In base 5, what is -1244 - -2011?
212
In base 9, what is 136 + -1511?
-1364
In base 7, what is 4 + 1423332?
1423336
In base 4, what is 2133 - 12320?
-10121
In base 8, what is 230 - -457?
707
In base 13, what is 5c + -516?
-487
In base 11, what is -76 - 731?
-7a7
In base 5, what is -1102011 - 2?
-1102013
In base 2, what is -10101010001 - 1101100?
-10110111101
In base 2, what is -110001101010 - -1110110?
-101111110100
In base 2, what is -1010100 - -1100111010011110?
1100111001001010
In base 13, what is -22016 - -17?
-21ccc
In base 11, what is -4 + -117705?
-117709
In base 7, what is -2210255 + 2?
-2210253
In base 6, what is -212 + -145341?
-145553
In base 2, what is 111111 + 101101000010?
101110000001
In base 16, what is -7 + -3424?
-342b
In base 8, what is -706 - -514?
-172
In base 8, what is 14512 - -733?
15445
In base 8, what is -354672 - 0?
-354672
In base 4, what is 31223 - -1203?
33032
In base 16, what is -1f - -70f?
6f0
In base 12, what is 0 + 3b6?
3b6
In base 10, what is 7 - -9514?
9521
In base 6, what is -40402503 - -5?
-40402454
In base 5, what is 1 - 1023301?
-1023300
In base 7, what is 2536 - 124?
2412
In base 2, what is 100 - 11100010000100111?
-11100010000100011
In base 14, what is c6d9 - -2?
c6db
In base 12, what is -382 - 15?
-397
In base 15, what is -91 - -37ba?
3729
In base 14, what is 4c645 + -1?
4c644
In base 15, what is 1 - -115e4?
115e5
In base 8, what is -2 + -23350?
-23352
In base 11, what is -9a5613 + 6?
-9a5608
In base 12, what is -53 + -817?
-86a
In base 9, what is 45100 - 4?
45085
In base 8, what is -14 - -2560?
2544
In base 16, what is -16 + 4010b?
400f5
In base 13, what is 1 + -58649?
-58648
In base 11, what is -63 + -9a82?
-a035
In base 16, what is -ebd1 + -4?
-ebd5
In base 14, what is -5 - -115?
110
In base 16, what is -205 - f0?
-2f5
In base 3, what is 1010 - -21020100120?
21020101200
In base 12, what is -44 + -397?
-41b
In base 15, what is -3ec9 - -3?
-3ec6
In base 13, what is -a73 - 1b7a?
-2920
In base 10, what is -54629 - 0?
-54629
In base 2, what is 11001100110 + 101100?
11010010010
In base 3, what is -1000211 - -10020100?
2012112
In base 9, what is 0 + 43310?
43310
In base 15, what is -b + -1d7?
-1e3
In base 5, what is 3 + 212224102?
212224110
In base 15, what is 2d66 + -19?
2d4c
In base 15, what is 12 - -537?
549
In base 6, what is -1 + -140235?
-140240
In base 10, what is 116 - 706?
-590
In base 11, what is -34551 + -2?
-34553
In base 13, what is 78 - -2?
7a
In base 13, what is -7 - 43675?
-4367c
In base 10, what is 57 + -80389?
-80332
In base 11, what is -17698 - -39?
-1765a
In base 3, what is -2102202221 + 0?
-2102202221
In base 4, what is 23121 - 2102?
21013
In base 6, what is 4 - 5012043?
-5012035
In base 13, what is 20c14 + 4?
20c18
In base 15, what is 4 - -21ae7?
21aeb
In base 10, what is 6813 + -2?
6811
In base 8, what is -274650 + -2?
-274652
In base 2, what is 111 - -100001101000010?
100001101001001
In base 9, what is -3 + -28081?
-28084
In base 16, what is -7e3c7 + -5?
-7e3cc
In base 3, what is -10 - -112202121211?
112202121201
In base 13, what is -5173 + 0?
-5173
In base 12, what is -104 - -41?
-83
In base 8, what is -5 - -13110?
13103
In base 9, what is -8837 + -3?
-8841
In base 4, what is -2123130 + 13030?
-2110100
In base 6, what is -3150102 - -13?
-3150045
In base 10, what is 3 - 20694?
-20691
In base 16, what is 3fc6 + 18e?
4154
In base 14, what is 4 + 6a91?
6a95
In base 16, what is 59b - 14f?
44c
In base 3, what is 10 - -11021011011?
11021011021
In base 8, what is -3 + -1476171?
-1476174
In base 6, what is -113 + 20540?
20423
In base 9, what is 13 - -76021?
76034
In base 8, what is 133606 + -34?
133552
In base 4, what is 110232112012 - 11?
110232112001
In base 15, what is -14d36 - -53?
-14cd3
In base 9, what is 3 + 228040?
228043
In base 9, what is -2 - -13713?
13711
In base 3, what is -120221 + 210220?
12222
In base 16, what is 2 - -8718c?
8718e
In base 14, what is 18c9 - -111?
19da
In base 4, what is 11 - -12033032?
12033103
In base 13, what is 4 + -7626?
-7622
In base 11, what is 3699 + -5?
3694
In base 14, what is -685 - -33?
-652
In base 7, what is -141 - 3200?
-3341
In base 10, what is -16286 - -31?
-16255
In base 6, what is -23223423 - -3?
-23223420
In base 14, what is -15 + -12ab?
-12c2
In base 2, what is 110110110110101110 - 101?
110110110110101001
In base 16, what is -4 - -1b0fc?
1b0f8
In base 7, what is -1600665 - 0?
-1600665
In base 5, what is 12 - -1240243?
1240310
In base 4, what is -10 + 22232130?
22232120
In base 11, what is 260931 + 4?
260935
In base 3, what is 10 + 2021100121?
2021100201
In base 16, what is -107 - 3b?
-142
In base 15, what is 61e + -1db?
433
In base 15, what is -122 - -a7?
-6a
In base 7, what is 212 + 121535?
122050
In base 12, what is 366 + 64?
40a
In base 16, what is -7315 + 1b?
-72fa
In base 10, what is 107094 - -5?
107099
In base 5, what is 3300 + 4241?
13041
In base 6, what is 1015 - 305?
310
In base 6, what is 13 - 3112100?
-3112043
In base 10, what is 152 + 15190?
15342
In base 15, what is 5 + aa82?
aa87
In base 2, what is -100100010101110011 + -1001?
-100100010101111100
In base 8, what is 165 + -1764?
-1577
In base 4, what is -12302023 + -2?
-12302031
In base 5, what is -12 + 1043003?
1042441
In base 7, what is 4025 + -100?
3625
In base 3, what is 2220 + 101122022?
101202012
In base 3, what is 221100 + -12002?
202021
In base 11, wha